)/n is divided by 15?
14
Suppose 0 = 2*r - 12 - 4. Suppose -2*m + s - 9 = 0, s - 7 - 7 = 3*m. Calculate the remainder when r is divided by ((-6)/(-4))/(m/(-10)).
2
Suppose 60 = -5*i - 2*d, 4*i = -3*d + 5 - 60. Calculate the remainder when (-1)/(-5) + (-348)/i is divided by 9.
8
Let b = 8 + -4. Suppose 5*j + 4*d = 45, 0*j - j - 15 = -b*d. Suppose 0 = -2*s + j*f - 0*f + 24, 5*s - 2*f = 18. Calculate the remainder when 6 is divided by s.
0
Suppose 5*f - 3*f = 12. Suppose 4*s = 2*p + 18, 6 = -3*s - f*p + p. Calculate the remainder when 23 is divided by ((-16)/6)/(s/(-9)).
7
What is the remainder when 19 is divided by (-20)/(-6)*(-10)/(40/(-6))?
4
Let d(j) = 6*j - 5. Let q(l) = -6*l + 4. Let a(i) = 5*d(i) + 6*q(i). What is the remainder when (0 + 18/(-4))*-2 is divided by a(-1)?
4
What is the remainder when 61 is divided by 2/(-4)*(-29 + -3)?
13
Let r(l) = 2*l**2 - 2*l + 1. Let s be r(2). Suppose 0 = 3*t - 5*v - 115, -v = t + 3*t - 115. Calculate the remainder when t is divided by (-15)/(-6)*16/s.
6
What is the remainder when (2 - 8)*(-58)/4 is divided by 30?
27
What is the remainder when 2/(-9) - (-659)/9 is divided by 15?
13
Let r = -74 - -106. Calculate the remainder when r is divided by 11.
10
Let z(m) = 2*m - 2. Let a be z(2). Let b = 125 + -61. What is the remainder when b is divided by a - (-4*5 - 0)?
20
Suppose 0*m + 52 = 5*c + m, -16 = -2*c + 2*m. Let y(s) = -12*s + 1. Let t be y(-4). Let z = t + -30. Calculate the remainder when z is divided by c.
9
Suppose 29 + 23 = 4*s. Calculate the remainder when 88 is divided by s.
10
Suppose 0 = -k + 4*x - 1, 0*x + 11 = 4*k - x. What is the remainder when 9 is divided by k?
0
Let t(b) = b + 5. Calculate the remainder when 35 is divided by t(7).
11
Let o = 37 - 2. Calculate the remainder when 138 is divided by o.
33
Let x(i) = i + 4. What is the remainder when x(3) is divided by 4?
3
What is the remainder when (-5)/(-3)*2*189/14 is divided by 28?
17
Calculate the remainder when 10/4 - 7/14 is divided by 2.
0
Let u = 106 - -8. Calculate the remainder when u is divided by 29.
27
Let r be (-1)/4 - 15/(-12). Let x(f) = 4*f**2. Let p be x(r). Suppose 25 = 4*k - p*t - 19, 2*k - 22 = 3*t. What is the remainder when 21 is divided by k?
10
Let q = -11 - -7. Let d(a) = 4*a**2 + 2*a - 1. Calculate the remainder when d(q) is divided by 19.
17
Suppose 0 = 5*p - 4*p - 7. Suppose 2*g - 4*o = -p - 5, -3*g - 9 = 3*o. Let r(u) = -u + 5. What is the remainder when 34 is divided by r(g)?
7
Suppose -2*o - o + 6 = 0. Suppose -5*f = o*x - 90, 72 = 4*f + x + 2*x. What is the remainder when 53 is divided by f?
17
Let w = 5 - 6. Suppose 5*g - 12 = 2*g. What is the remainder when 1 is divided by w + g + (-8)/4?
0
What is the remainder when 85 is divided by (-4 - (-4)/4) + 18?
10
Calculate the remainder when 36 is divided by 6*-21*(-3)/27.
8
Let d(j) = j**3 - 8*j**2 + 16*j - 11. Calculate the remainder when 62 is divided by d(6).
10
Let h be 1/((-1)/370*-2). Calculate the remainder when (-21 + 0)/((-6)/8) is divided by (-3)/(-4) + h/20.
8
Suppose 3*n - 68 = -5. Let z = 35 - 24. Calculate the remainder when n is divided by z.
10
Let g = -24 + 41. Calculate the remainder when g is divided by 9.
8
Suppose -3*m = -8*m + 4*v + 153, -63 = -2*m + v. What is the remainder when m is divided by 21?
12
Let c = -39 - -52. Calculate the remainder when 51 is divided by c.
12
Let d(b) = b**2 - 7. Let v(q) = -4*q + 2. Let p be v(-1). Calculate the remainder when d(p) is divided by 10.
9
Let y(r) = r**3 - 9*r**2 + 10*r - 1. Suppose -5*n = b + 19 - 68, 4*n = -b + 45. What is the remainder when b is divided by y(8)?
14
Suppose 91 + 9 = 2*w - 2*u, 0 = -2*w + u + 102. What is the remainder when w is divided by 11?
8
Let x = -3 + 9. What is the remainder when 20 is divided by x?
2
Suppose 11*o - 279 = 8*o. Calculate the remainder when o is divided by 32.
29
Let p(r) = 2*r**3 - 3*r**2 - 3*r - 2. What is the remainder when p(3) is divided by (-2)/5 + (-32)/(-5)?
4
Suppose 4*d - 18 = -2*c - d, 2*d = 0. Let u = -171 + 186. What is the remainder when u is divided by c?
6
What is the remainder when ((-59)/4)/(3/(-12)) is divided by 30?
29
Let a = -49 - -112. Suppose -3*f - 2*x = -5, 5 = f + 5*x + 12. Suppose -d = 4*d - 2*u - 110, 2*d - a = -f*u. What is the remainder when d is divided by 9?
6
Let s = 41 + -33. What is the remainder when 15 is divided by s?
7
Let k be (-1)/(-4) + (-63)/(-4). Let v = -7 + k. Let g(f) = -f**3 + 10*f**2 - 6*f - 12. What is the remainder when g(v) is divided by 8?
7
Suppose 4*g - 3*g + 46 = 0. Let v = g - -75. What is the remainder when v is divided by 15?
14
Suppose 5*l - 111 = -4*y, 5*y - 111 + 1 = -5*l. Calculate the remainder when l is divided by 6.
5
Let k = -2 - -3. What is the remainder when 2 is divided by k?
0
Suppose 4 = j - 25. Calculate the remainder when 109 is divided by j.
22
Suppose -w = 4*w - 190. Let k = -110 - -123. What is the remainder when w is divided by k?
12
Let k be (-6)/(-3)*1 + 1. Suppose 13 + 23 = k*z. What is the remainder when 22 is divided by z?
10
Suppose 0 = -q - 4 + 12. What is the remainder when 29 is divided by q?
5
Let m = 17 + -7. Let i be (-86)/m - 2/5. Let q = 12 - i. What is the remainder when q is divided by 12?
9
Let y be 2/(-3*(-4)/24). Calculate the remainder when 5/2*(16 + y) is divided by 17.
16
Let x = 81 - 46. Let q = 54 - x. Suppose 4*p - 291 = -5*o, 3 = 4*p - 13. Calculate the remainder when o is divided by q.
17
Let q = -1 - -4. Let r(y) = 7*y**2 + 3*y - 2. Calculate the remainder when r(1) is divided by q.
2
Calculate the remainder when 65 is divided by 34*(-8)/(-12) + 2/(-3).
21
What is the remainder when 11 is divided by (25/15)/(1/3)?
1
Suppose 2*l - 3*l + 19 = 0. Calculate the remainder when l is divided by 7.
5
Suppose -3*z + 2*z = 2*o - 17, 5*z - 4*o - 141 = 0. Let r(y) = -y**2 - 4*y + 7. What is the remainder when z is divided by r(-4)?
4
Suppose 0 = 3*f - 2 - 16. Let l(m) = -m**2 - 12*m + 15. Let g be l(-11). Let s = g - 10. What is the remainder when s is divided by f?
4
Suppose 7*v - 2*v = 180. Let z(n) = -n**2 - 18*n - 26. What is the remainder when v is divided by z(-15)?
17
Suppose 4*f = 1 + 7, -285 = -5*b - 5*f. What is the remainder when b is divided by 19?
17
Suppose -5*k - s - 2 = -17, 3 = k + 4*s. Let z = -2 - -7. Suppose -j + z*b - 22 = 0, 0 = -6*j + j + 2*b + 5. Calculate the remainder when k is divided by j.
0
Suppose 3*q - 2*i = 6*q, 2*q = i + 7. Calculate the remainder when 9 is divided by q.
1
Let m = 5 + 17. What is the remainder when (-1166)/(-18) + 6/27 is divided by m?
21
Let o = -20 - -21. Calculate the remainder when (o + 1)/((-7)/(-105)) is divided by 16.
14
Suppose 0 = 2*b + 10, -4*v + v = 3*b + 9. Let q be (-87)/9 + v/3. Let n = q - -16. What is the remainder when n is divided by 4?
3
Calculate the remainder when (183/9)/(3/9) is divided by 13.
9
Let k(q) = -q**2 - 7*q - 3. Let m be k(-6). Suppose m = w - 5. Calculate the remainder when (-130)/(-6) + 1/(-6)*-2 is divided by w.
6
Suppose g - 1 - 1 = 0, 0 = 5*n - 4*g - 7. Suppose 0 = 5*t - 43 + n. What is the remainder when t is divided by 5?
3
Let k(v) = -v - 7. What is the remainder when k(-8) is divided by 1?
0
Suppose -30 = -5*x - 10. Suppose -x*b + 7 = -17. What is the remainder when 23 is divided by b?
5
Suppose 4*r - 2*w - 116 = 0, 0*w - w = -r + 31. Suppose -r = -4*k + k. Calculate the remainder when 17 is divided by k.
8
Let p = 22 + 4. Calculate the remainder when p is divided by 7.
5
Let d = 9 + -5. Suppose d*x = 0, 4*x - 8 = -2*r + 6. Let k(z) = -z + 12. Calculate the remainder when 14 is divided by k(r).
4
Suppose 3*r - 31 - 17 = 0. Suppose 7 = 5*y - 18. Suppose -v - 2*w + 5*w + 37 = 0, -3*w = -y*v + 161. Calculate the remainder when v is divided by r.
15
Suppose 1 = -5*k + 21, 3*k + 364 = 4*s. What is the remainder when s is divided by 14?
10
Let t be (5/(-2))/(2/(-92)). Suppose 144 = -4*x + 2*x. Let v = x + t. What is the remainder when v is divided by 15?
13
Suppose -2*k = -2 - 30. What is the remainder when k is divided by 5?
1
Let i(j) = -6 + 1 - 2*j + 3*j. Let z be i(5). Suppose 30 = 5*v - z*v. Calculate the remainder when 11 is divided by v.
5
Calculate the remainder when 272 is divided by (-189)/(-18) - 3/(-6).
8
Suppose -36 = -2*s + 4*d, -s - d - 4*d = 3. What is the